*z - 13 - 17 + 18451*z + z**2 + 1. What is c(23)?
-6
Let d(c) = 25*c**2 + c - 1. Let v be d(1). Let s(m) = v + 10*m**2 - 6*m**2 - 3*m**2 - 11*m. Let x be s(6). Let b(h) = h + 6. Give b(x).
1
Let f(o) = -10*o**2 + 2*o - 1. Suppose -8*l + 168 = 56. Let k(x) = -x + l + 0*x - 3. Let s be k(10). Determine f(s).
-9
Let s(l) = 33*l + 3 - 15*l - 15*l. Let r(q) = -4*q - 48. Let f be r(-25). Let n be 4/(-26) - (200/f + -1). What is s(n)?
-6
Suppose -10*o - 1084 = -1154. Let u(p) be the second derivative of -p**3/6 + 9*p**2/2 + p. Determine u(o).
2
Let c(x) = 351*x**2 - 22*x - 8. Let t(y) = -88*y**2 + 5*y + 2. Let h(v) = -2*c(v) - 9*t(v). Give h(-1).
89
Let x = 373 - 350. Suppose -28 = x*y - 16*y. Let j(k) = -k**2 - 5*k - 6. Determine j(y).
-2
Let q be 8/2*(-50)/8 - 2. Let k be (0 - 34)*(q/6 + 3). Let o(b) = -51 - b**2 + 101 - k - 4*b. What is o(3)?
-22
Let o(i) = 5*i - 190. Let d(w) = -w - 63. Let t(f) = -2*d(f) + o(f). Determine t(12).
20
Let y(g) be the second derivative of -g**4/12 + 5*g**3/3 - 15*g**2/2 - 1365*g - 2. What is y(8)?
1
Suppose 185858*v = 185837*v + 420. Let n(g) = -g**3 + 21*g**2 - 16*g - 31. Calculate n(v).
49
Let h(z) = -z**3 + z**2 + 2*z - 10. Let j(x) = -x**3 + 2*x**2 + 2*x - 11. Let n(v) = 6*h(v) - 5*j(v). Let p = 255 - 237. Let r be p/3 + (-154)/14. Give n(r).
10
Let z(k) = -k**2 + 2*k + 2. Let h = 92 - 90. Suppose -3*g = -h*i - 2, -6*g + 3 = -3*i - g. Let s be 95/57*(i - -4). Determine z(s).
-13
Let f = -198 + 200. Let h(i) = -4*i + f + 6*i + 4*i + i. What is h(3)?
23
Let p(u) = -31*u**2 + 7*u + 40*u**2 + u**3 + 5*u - 22 - 22*u**2 + 4*u. Calculate p(12).
26
Let j(k) = -10*k**3 + k - 1. Suppose 66*p - 7240 + 7306 = 0. Determine j(p).
8
Let x = 11655 - 11687. Let p(o) = -o**2 - 31*o - 18. Give p(x).
-50
Let o(w) be the first derivative of w**4/24 - w**3/6 - 33*w**2/2 - 27. Let d(t) be the second derivative of o(t). Suppose 0 = j + 2*j + 15. Calculate d(j).
-6
Let u(b) = 9*b**3 + 0*b**2 - 186 + 277 + 0*b**2 - 92. Suppose 6 + 2 = -4*w, -a - w = 1. Let l be -1*a + (2 - 2). Determine u(l).
-10
Let s be (-12 + 72)/10 + 0. Let x(b) = -9*b - 13. What is x(s)?
-67
Let p(r) = -7*r - 35. Let q(w) = -3*w + 4. Let h(o) = -p(o) - 5*q(o). Calculate h(-1).
-7
Let a = -258 + 260. Let o(g) = 3 + 4*g - 731*g**2 - 6*g + 730*g**a. What is o(-3)?
0
Let v(b) be the second derivative of b**5/10 - 13*b**4/12 - 17*b**2 + 13*b + 46. Give v(7).
15
Let i(k) = 7*k + 15. Let b be 42/(-9) - 10/60*-4. Let y(c) = 6*c + 12. Let x(w) = b*i(w) + 5*y(w). Let h be -2 + 1 - (1 + 1). Determine x(h).
-6
Let o = -38 + 37. Let g be 3*5/5 - o. Let v(i) = 94*i - 98*i + g - 3. Give v(3).
-11
Let t be ((-18)/15)/((-21)/70). Let h = t + 1. Suppose -3 = -4*w + h*w. Let z(m) = -m - 2. Give z(w).
1
Let w(j) be the second derivative of 17*j**3/6 + 139*j**2/2 + 2340*j. Calculate w(-8).
3
Let h(v) be the third derivative of -v**6/120 + v**5/5 + 13*v**4/24 + v**3/3 + 20*v**2. Let y be (3 - (-7 - (-201)/24))*8. Calculate h(y).
2
Let l(q) = -6*q**2 + q**3 + 16 + 3*q**2 - 2*q + 0*q**2 - 15. Let o(y) = y - 46. Let j(a) = -15. Let u(t) = 7*j(t) - 2*o(t). Let k be u(-8). Give l(k).
-5
Let c(l) = -183. Let f(q) = -2*q + 946. Let z(r) = 21*c(r) + 4*f(r). Calculate z(-5).
-19
Let w = 147 + 1. Suppose -5*d = 4*r - w, d - 15*r - 35 = -14*r. Let c(l) = d*l - 63*l + 30*l - 9. Calculate c(7).
-16
Suppose -5*v + 292 = -237 + 459. Let d(z) = -14*z + 189. Calculate d(v).
-7
Suppose 50*h - 7*h = 2838. Suppose -67 = h*l + l. Let m(f) = -3*f + 2. What is m(l)?
5
Suppose -2*x - 4*n = -42, 3*x + 3*n - 34 = 38. Let k = 44 - 23. Let v = x - k. Let l(d) = -d**3 + 7*d**2 - 5*d - 3. What is l(v)?
3
Let m = 9779 + -9780. Let c be 3 - (3 + -1) - 1. Let w(v) = -4*v**2 - 2*v**3 + c*v**2 + 5*v**2. Calculate w(m).
3
Let y(d) be the second derivative of 4*d**3 + 81*d**2 - 3732*d. Determine y(-7).
-6
Let x(w) = -3*w**3 - 38*w**2 - 28*w - 46. Let r(m) = -m**3 - 13*m**2 - 10*m - 14. Let k(f) = -7*r(f) + 2*x(f). Let s be (-116)/8 - 3/(-6). Give k(s).
6
Let n be 38/(-589) + (-1222)/(-6448). Let q(r) be the third derivative of 25*r**2 + 0 + n*r**4 + 0*r + 0*r**3. Calculate q(4).
12
Let u be 0 + (-4)/38 - (-55)/(-19) - -5. Let h(d) = -9*d**2 + 6*d + 1. Determine h(u).
-23
Let p(s) = 2*s**3 + 3*s**2 - 23*s + 12. Let g(k) = 3*k**3 + 4*k**2 - 32*k + 17. Let l(j) = 5*g(j) - 7*p(j). Let d(u) = -u + 5. Let z be d(5). Determine l(z).
1
Suppose -16*c + 380 = 125*c - 889. Let n(o) = 4*o**3 - 12*o**2 + 3*o - 7. Let k(z) = z**3 - z**2 + z - 1. Let r(y) = -3*k(y) + n(y). What is r(c)?
-4
Let s(r) = -3*r + 2. Suppose -14*x + 48 = 10*x. Suppose 3*p - 3*m + m = x, -p - 2*m = 10. What is s(p)?
8
Let i(q) = -q**2 + q. Let w(g) = -2*g**2 - 2*g + 8. Let s(z) = i(z) - w(z). Let c = -4824 - -4817. Calculate s(c).
20
Suppose -158*i = 8*i - 166. Let t(f) = 12*f + 1. Calculate t(i).
13
Let f(c) = -c**2 - 8*c - 11. Let o be 11371/(-1507) - (-6)/11. Determine f(o).
-4
Let p(m) = 22*m**2. Let u(c) = 8 + 3*c**3 - c + 5*c + 4*c - 2*c**3 - 10*c**2. Let q = 848 - 839. Let x be u(q). Give p(x).
22
Let p = 10538 + -10552. Let x(r) = -r**2 - 12*r + 12. Calculate x(p).
-16
Let j(q) = -18935*q - 23 + 56827*q - 18935*q - 18940*q - 2*q**2. Calculate j(6).
7
Let v(s) = s**3 - 13*s**2 + 39*s - 172. Let o be v(11). Let q(p) = -p**3 + 15*p**2 - 6*p + 18. What is q(o)?
-72
Let v(o) = -o**3 - 10*o**2 - 10*o + 1. Suppose -9*p - 4*p + 99 = 216. Calculate v(p).
10
Let u(f) = 7*f + f**2 - 15*f + 38 - 23. Let y(z) = 2*z**2 - 17*z + 32. Let t(n) = -5*u(n) + 2*y(n). Determine t(8).
-27
Let t(k) = k**2 - 21*k + 36. Let p(i) = 23*i**2 - 38*i + 2. Let b be p(2). What is t(b)?
-18
Let c(g) be the first derivative of 4*g - 117 - 1/3*g**3 - 2*g**2. What is c(-3)?
7
Let p(t) = 12*t - 130 - 127 + t**2 + 0*t**2 - 123 + 427 - 41. Let c(x) = -4*x**2 + 6*x. Let l be c(4). Let y = l - -29. What is p(y)?
-5
Let b(f) = 2*f - 24. Let o = 2639 - 2632. Give b(o).
-10
Suppose 18 + 4 = 22*b. Suppose -b = -6*l + 7*l. Let g(j) = j**3 - 2*j**2 + 1. Determine g(l).
-2
Let u be 1*2*84/(-56). Let w be 17/u + 46/69. Let z(m) = -m**2 - 7*m - 8. Determine z(w).
2
Let n(k) be the first derivative of k**3/3 + 3*k**2 - 5*k - 850. Let d(u) = u**2 - 3*u - 3. Let h be d(3). Let j = h + -3. Give n(j).
-5
Let g(x) = -x**2 - 12*x. Let l be g(-6). Let t(q) = -43 + l + 16*q - 15*q. Give t(7).
0
Let y(a) be the first derivative of -2*a**3/3 - 31*a**2/2 - 18*a - 740. Let b = -102 - -87. Calculate y(b).
-3
Let b be (-4)/(-1) - 5 - -3. Let r = 17 - 15. Let x(a) = 2*a - 23 + 4*a**2 - 5*a**r - 3*a**3 + 24. Give x(b).
-23
Let f(m) = m**3 + 5*m**2 - 9*m - 11. Let y(o) = 3*o**2 + 96*o - 321. Let t be y(-35). What is f(t)?
7
Suppose 3*i + 49 = -2*p, -5*p + 586*i = 585*i + 12. Let m(v) = v**3 - 5*v + 1. Let o(s) = -s**3 + s**2 + 6*s - 1. Let h(z) = -6*m(z) - 5*o(z). Determine h(p).
-1
Let p(s) = -2*s - 8. Let b be (-61)/(-305)*10*-1. Determine p(b).
-4
Let i(f) = f**2. Let l be (-3)/2*(4 - (-112)/(-24)). Let c(t) = 5*t**2 + 6*t + 3. Let s(a) = l*c(a) - 4*i(a). Suppose x + 13 - 9 = 0. Calculate s(x).
-5
Let t(p) = -11*p**3 - 20*p**2 + 19*p + 20. Let m(x) = 4*x**3 + 7*x**2 - 7*x - 7. Let h(k) = 8*m(k) + 3*t(k). Suppose 4*a - 5 = -25. Give h(a).
24
Let m(s) = -26*s**2 - 2*s**2 + 24 - 26 + 10*s - 17 + 3*s**3 + 1. Determine m(9).
-9
Let y(f) be the second derivative of 3*f**4/4 - f**3/2 + f**2 + 10*f + 1. Calculate y(1).
8
Let a(v) be the third derivative of -v**5/60 - 5*v**4/8 - 7*v**3 - 19*v**2. Let d be a(-4). Let i(u) = 2*u**3 - 3*u**2 + 2*u + 2. What is i(d)?
10
Let r(j) = 10*j + 695. Let m be r(-70). Let l(t) = t. Let p(g) = -2*g**2 - 4*g + 9. Let d(h) = 6*l(h) - p(h). Calculate d(m).
-9
Let c(v) be the second derivative of v**4/6 - v**3/6 + 25*v - 2. Let i be 8/3*(-1 - -4). Suppose t - 3*u + i = -6*u, 5*u = 3*t - 18. Calculate c(t).
1
Let v(o) = -o**3 - 3*o**2 + 8*o - 3. Let j = -10865 + 10861. What is v(j)?
-19
Let o(j) be the second derivative of -j**5/10 + j**4/12 + j**3/3 + 2*j**2 + 10*j - 2. Let t = 1182 + -1179. Give o(t).
-35
Let a(x) = 5*x + 21. Suppose 0 = -9*y - 25 - 20. Let p(m) = 11*m + 45. Let b(z) = y*a(z) + 2*p(z). Determine b(-6).
3
Let v(r) = -1354*r + 9. Let x(f) = -478*f + 3. Let d(i) = 6*v(i) - 17*x(i). Suppose 50 = 5*g - 2*l, 0*g = g + 3*l - 27. Suppose w = -3*w - g. Determine d(w).
-3
Let u(p) = 